- 48/(-108).
3, 5, 13
Let t = 1640 - -686. What are the prime factors of t?
2, 1163
Let l be 4 + -3 - (-1 - 0). Suppose 0 = l*m + 3*m - 4*t + 1, -4*t + 16 = 0. Suppose 0*j = m*j - 60. List the prime factors of j.
2, 5
Let c = -140 + 535. List the prime factors of c.
5, 79
Let b be -6*((-80)/6 + 4). Let m be 1*(1 - 95*-1). Let t = m - b. What are the prime factors of t?
2, 5
Let r = 33 + 17. Suppose -2*b + 12 = -r. List the prime factors of b.
31
Let d(o) = -o**3 - 6*o**2 - 3*o - 15. Let h be d(-6). Let t be (-18)/(h + (-4)/1). Suppose 0*x + x = t. List the prime factors of x.
2, 3
Suppose 10*f - 34*f = -27000. What are the prime factors of f?
3, 5
Suppose m - 8 - 10 = 0. What are the prime factors of (-2)/3 + 354/m?
19
Let v = 602 + -71. What are the prime factors of v?
3, 59
Let y(i) = -64*i - 5. Let t(k) = 639*k + 51. Let w(u) = 2*t(u) + 21*y(u). What are the prime factors of w(-2)?
3, 43
Suppose m - 2 - 1 = 0. Suppose -4*t = -16, 6*w - m*w - 358 = -4*t. List the prime factors of w.
2, 3, 19
Let u(i) = -3*i - 12. Let b be (-23 - -15) + 3 + 0. What are the prime factors of u(b)?
3
Let j be 3*(-1 + 0) - -6. Suppose -j*l - 2*a + 48 = a, -28 = -2*l - 4*a. What are the prime factors of ((-24)/l)/((-2)/21)?
2, 7
Let z be 22/33 + (0 - 76/6). List the prime factors of -6*8/z - -88.
2, 23
Suppose 4*t + 0*t = -72. Let u be (t/(-12))/((-2)/56). Let c = u - -61. What are the prime factors of c?
19
Let i(h) = -8*h + 119. What are the prime factors of i(-31)?
367
Let u(s) = 3*s - 14. Let k = -16 + 22. Let x be u(k). Suppose -x*b + 26 + 94 = 0. What are the prime factors of b?
2, 3, 5
Suppose 67 = 2*r + 17. Suppose -11*y = -6*y - r. Suppose -y*w = -2*i - 5, 4*w - 7 = 5*w - 2*i. List the prime factors of w.
3
Let j = -189 - -329. List the prime factors of j.
2, 5, 7
Let i(j) = 7*j**2 + 2*j + 4 - 10*j - 6*j**2. Let x be i(8). Suppose -5*u + 5 = 0, -x*a = -u + 2*u - 81. What are the prime factors of a?
2, 5
Suppose -m = -y + 7, 0*y - m + 11 = 5*y. Suppose -f = -4*f + 5*i + 68, -64 = -y*f + i. Let d = -1 + f. List the prime factors of d.
2, 5
Let f = 27 + -31. What are the prime factors of (-2)/(f + 0 + 3)?
2
Let b(h) = -2*h**3 - 8*h + 3*h - 8 + 6*h. What are the prime factors of b(-3)?
43
Let x(f) = -f + 77. Let o be x(0). Let l = -2 + o. List the prime factors of l.
3, 5
Let a(g) = 3*g**2 + 13*g - 9*g**2 + g**3 + 18 + 19*g**2. List the prime factors of a(-9).
3, 5
Let j = -632 + 3146. What are the prime factors of j?
2, 3, 419
Let u(b) = b + 20. Let k be u(-8). Let v(a) = -2 - 3 + 2 + 2*a. What are the prime factors of v(k)?
3, 7
Let h = -89 - -86. List the prime factors of (-29)/h*15/1.
5, 29
Suppose -4*w - 21 = -s, -5*s + 45 = -0*s - 5*w. Let f(i) = 11*i**2 - 7 - 9*i**2 - s*i - i. List the prime factors of f(6).
29
Suppose d + 8*d - 99 = 0. Suppose 2*v + 3 = 5. Let x = v + d. List the prime factors of x.
2, 3
Suppose -627 = -4*g + g - t, 0 = 3*t - 9. Suppose 328 = 5*c + 3*a, -4*c + a + g = -c. List the prime factors of c.
2, 17
Suppose -8214 = -7*g + g. What are the prime factors of g?
37
Suppose y - 4*y = -3*q - 48, 0 = -4*q - 5*y - 55. Let k = q + 3. Let u(i) = -i + 1. List the prime factors of u(k).
13
Let w(h) = h**3 - 5*h**2 - 10*h. Let f be ((-2)/6)/((-17)/51). Let v(y) = -y**3 + y. Let j(t) = f*w(t) + 4*v(t). List the prime factors of j(-3).
2, 3
Let k = -781 + 1371. List the prime factors of k.
2, 5, 59
Let f = 4811 - 941. What are the prime factors of f?
2, 3, 5, 43
Suppose -4*d = -2*q - 0*q + 4, 4*d + 3*q = -24. Let b = d - -9. What are the prime factors of (74/(-3))/((-4)/b)?
37
Let t be -14*(0 - 3/(-6)). Let y = t - -4. Let f = 0 - y. What are the prime factors of f?
3
Suppose 9*g - 120 = -408. Let l = g - -70. List the prime factors of l.
2, 19
Suppose 0 = 5*r - 122 - 828. What are the prime factors of r?
2, 5, 19
Let u = 7 + 2. Let b(s) = -s**2 + s + 4. Let f be b(0). Suppose -2*o - 3*q = -33, 33 = f*o - u*q + 4*q. What are the prime factors of o?
2, 3
What are the prime factors of (-2)/6 - (-180596)/78?
5, 463
Suppose -28*a = -29*a + 1379. List the prime factors of a.
7, 197
Suppose -y = -0*y + 14. Let f = y + 79. List the prime factors of f.
5, 13
Let k = 1221 + -786. Suppose -7*w - 8*w = -k. What are the prime factors of w?
29
List the prime factors of 72/32*(-64)/3*-8.
2, 3
Let m(j) be the second derivative of j**3/6 - 2*j. Let d be m(2). Suppose -d*q + 75 = 3*q. List the prime factors of q.
3, 5
Suppose -h + 3710 = 3*h + o, h - 925 = o. List the prime factors of h.
3, 103
Let h be (-10)/2*(-3 + 4). List the prime factors of (-214)/h - (-8)/40.
43
Let d(f) = f**2 - 12*f + 13. Let c(y) = -y**2 + 13*y - 12. Let o(b) = -3*c(b) - 4*d(b). Let w be o(7). List the prime factors of (-5)/15*(-89 - w).
29
Let x(h) = 2537*h**2 + 17*h - 9. What are the prime factors of x(1)?
5, 509
Let q = -281 + 201. Let u be q/(-12) + (-3)/(-9). Suppose -u = -c + 6. List the prime factors of c.
13
Let y(t) = -t - 6. Let r be y(-9). Suppose 19 = r*d + q - 3*q, -q + 7 = 4*d. Suppose 2*m + d*i = 3 + 6, -5*m + 5*i = -35. List the prime factors of m.
2, 3
Suppose -26 = -2*o - v + 149, -o - 4*v + 91 = 0. Suppose -78 = -m - 3*m - 2*w, 5*w = -4*m + o. Suppose -226 = -4*t + m. What are the prime factors of t?
61
Let w(j) = 14*j**2 + 4*j - 2. Suppose 4*r + 5*x - 3*x = 18, 2*r = 3*x + 5. Let l be (-6)/r*2/(-3). List the prime factors of w(l).
2
Let y(u) = 2*u**2 + 23*u + 14. Let c be y(-11). Suppose -n - z = c*z - 69, 0 = 5*n + 2*z - 345. What are the prime factors of n?
3, 23
Let c(u) be the third derivative of 7*u**4/24 - 5*u**3/3 + 12*u**2. List the prime factors of c(11).
67
Let d = 17 + -20. Let m = d + 9. What are the prime factors of (-3 + m)*(-38)/(-6)?
19
Let w(b) be the third derivative of -17*b**4/3 - 10*b**2. What are the prime factors of w(-1)?
2, 17
Let m(v) = 3*v**2 - 13*v - 13. Let j be m(10). Suppose 176 = 4*n - 5*y, -3*n + 2*y - 18 = -j. List the prime factors of n.
7
Suppose 4*k = -4*p + 3812, 4 = 2*k + 6. What are the prime factors of p?
2, 3, 53
Suppose 0 = 5*u - 2*o - 5089, -4*u = o - 3766 - 313. What are the prime factors of u?
1019
Suppose 31*h + 1152 = 37*h. List the prime factors of h.
2, 3
Suppose j = -0*j + 1. Let m be -31 + ((-6)/2)/j. Let z = 74 + m. What are the prime factors of z?
2, 5
Suppose 3*i - 10476 = -0*i. Let u be (1/((-24)/26 - -1))/1. What are the prime factors of i/117 + 2/u?
2, 3, 5
Let l = 956 + -516. List the prime factors of l.
2, 5, 11
Suppose -16*f + 1937 - 33 = 0. List the prime factors of f.
7, 17
Let s be 18*11/(66/92). Suppose 20*b - 16*b - s = 0. List the prime factors of b.
3, 23
Suppose 763 - 241 = 9*s. Let o = s - -23. List the prime factors of o.
3
Let s be (9/6 - (-15)/10) + 3. Suppose d + 262 = 3*u, s*u - u + 2*d - 455 = 0. What are the prime factors of u?
89
Let h be 159*(-1 + 8/6). Suppose h*x - 57*x = -104. List the prime factors of x.
2, 13
Let h = 1440 - 568. List the prime factors of h.
2, 109
Let m(i) = i**2 + 9*i + 8. Suppose -2*z + 6 = 2, -3*z + 246 = 4*p. Let a be (3/(-2))/(10/p). What are the prime factors of m(a)?
2
List the prime factors of ((-4)/10)/((-15)/22050).
2, 3, 7
Let g(q) = 16*q - 9 + q**2 + 4 - 23*q. Let m be g(8). What are the prime factors of 25 - ((m - 5) + 2)?
5
Let l(g) = 6*g**3 - 12*g**2 + 58*g - 3. List the prime factors of l(6).
3, 13, 31
Let o be (-54)/(-36)*8/(-6). Let f(g) = -29*g - 5. What are the prime factors of f(o)?
53
Suppose -2 = y + 1. Let w = y + -1. List the prime factors of (-2)/w*(-6 - -24).
3
Let x(c) = 3 - 1 - 4*c + 4 + 12. List the prime factors of x(-10).
2, 29
Let b = 570 + -835. Let n = -183 - b. List the prime factors of n.
2, 41
Let l(g) = g**3 + g**2 - g + 2. Let i be l(-2). Let c(t) = t - 3. Let m be c(i). List the prime factors of -2 + (4 - (m - 16)).
3, 7
Let u be 2/11 + (-350)/110. Let v be (u - 0) + (4 - -77). Let h = v - 23. What are the prime factors of h?
5, 11
Suppose w - 2310 + 908 = 0. What are the prime factors of w?
2, 701
Let r(b) be the second derivative of 2*b**3 + 5*b**2 - 19*b. List the prime factors of r(4).
2, 29
Suppose -t + 4 = 5*c, -3*t + 0 = c + 2. Let j be 2 - t/(2/6). Suppose 2*x + x = j*v - 100, -5*v + 100 = 4*x. List the prime factors of v.
2, 5
Let s(b) be the second derivative of -b**4/6 + b**3/3 - 2*b**2 - 3*b. Let y(a) be the